v(z) = z**3 + 82*z**2 + 714*z - 432. Calculate v(-72).
0
Let k(w) = 6*w**2 - 196*w - 196. Calculate k(-1).
6
Let o(l) = 67*l**2 + 937*l - 29. Determine o(-14).
-15
Let a(l) = -2*l**2 + 167*l + 1010. What is a(89)?
31
Let i(f) = -f**3 - f**2 + 4*f - 175. Give i(0).
-175
Let i(w) = -103*w + 2764. What is i(19)?
807
Let m(k) = -15*k - 1652. Calculate m(-110).
-2
Let a(n) = 10*n**2 - 56*n + 17. Give a(5).
-13
Let s(i) = -4570*i + 41140. Give s(9).
10
Let l(p) = 9*p**2 + 34*p + 128. Calculate l(-4).
136
Let t(m) = 5*m**2 + 165*m + 769. Calculate t(-5).
69
Let o(m) = -6*m**3 + 232*m**2 - 145*m - 266. Give o(38).
0
Let p(b) = b**2 - 16*b + 53. Calculate p(10).
-7
Let i(z) = -z**2 + 47*z + 408. Give i(58).
-230
Let g(k) = -k**2 - 212*k - 1216. Determine g(-6).
20
Let l(o) = -36*o**2 + 2270*o - 52. Determine l(63).
74
Let h(r) = 54*r - 363. Give h(8).
69
Let m(l) = -l**2 + 38*l + 260. Give m(41).
137
Let q(l) = 14*l**2 + 99*l + 8. Calculate q(-7).
1
Let c(a) = -a**3 + 38*a**2 + 39*a + 31. Give c(39).
31
Let l(n) = 29*n**2 - 100*n - 17. What is l(5)?
208
Let y(i) = i**3 + 15*i**2 + 13*i - 14. What is y(-14)?
0
Let m(y) = -y**3 + 16*y**2 + y + 623. Calculate m(0).
623
Let r(q) = -q**3 - 53*q**2 + 1105*q - 12. Give r(16).
4
Let r(q) = -30*q + 224. Give r(-9).
494
Let y(l) = -138*l + 716. Calculate y(5).
26
Let h(u) = -611*u - 3034. What is h(-5)?
21
Let a(v) = -v**2 - 185*v - 2082. What is a(-12)?
-6
Let l(c) = -7*c**3 + c**2 - 17. What is l(0)?
-17
Let f(h) = -3*h**2 + 152*h + 203. Calculate f(53).
-168
Let s(n) = -1170*n + 242186. Determine s(207).
-4
Let j(w) = -12*w**3 + 120*w**2 + 2*w + 11. Give j(10).
31
Let s(j) = -50*j + 2989. Determine s(41).
939
Let z(v) = 338*v - 8105. Give z(24).
7
Let z(l) = -24*l + 1294. Calculate z(58).
-98
Let t(q) = 70*q + 129. Calculate t(-2).
-11
Let x(h) = -192*h**2 - 3843*h - 7. Determine x(-20).
53
Let s(d) = 2*d**3 - 94*d**2 - 3*d + 169. Give s(47).
28
Let y(t) = -122*t + 1333. Calculate y(11).
-9
Let i(f) = -f**2 - 22*f + 2777. Calculate i(41).
194
Let s(n) = 6*n**2 + 190*n + 39. What is s(-31)?
-85
Let f(g) = -536*g + 4803. Determine f(9).
-21
Let g(a) = -a**2 - 40*a - 237. Determine g(-37).
-126
Let i(y) = -13*y**2 + 86*y - 20. What is i(10)?
-460
Let v(p) = -157*p + 98. Determine v(4).
-530
Let a(n) = -19*n - 206. Determine a(8).
-358
Let y(n) = n**2 + 45*n - 71. What is y(0)?
-71
Let t(f) = 2*f**3 - 117*f**2 + 62*f - 234. What is t(58)?
-2
Let c(m) = 2*m**2 - 33*m + 161. Determine c(8).
25
Let k(v) = -2*v**2 + 39*v - 212. What is k(15)?
-77
Let d(a) = -2*a**3 + 29*a**2 + 9*a + 11. Determine d(15).
-79
Let w(c) = -1264*c + 3766. Calculate w(3).
-26
Let v(f) = 127*f + 3807. Give v(-30).
-3
Let y(c) = 2*c**3 + 7*c**2 - 48*c - 164. Determine y(-5).
1
Let d(v) = v**2 + 37*v - 115. Determine d(-40).
5
Let p(c) = -39*c - 1409. Calculate p(-36).
-5
Let c(z) = -z**3 + 77*z**2 + 2*z - 332. Determine c(77).
-178
Let o(t) = -1099*t - 6591. Determine o(-6).
3
Let w(p) = -5*p**2 - 6*p + 665. Determine w(11).
-6
Let n(j) = -j**3 - 12*j**2 + 38*j - 14. What is n(-15)?
91
Let h(p) = -3*p**2 - 76*p - 420. What is h(-7)?
-35
Let h(q) = q**3 - 17*q**2 - 38*q + 22. Determine h(19).
22
Let d(k) = -270*k + 2432. Give d(9).
2
Let s(q) = -31*q**2 - 134*q - 6. What is s(-4)?
34
Let s(j) = -2*j - 507. What is s(-44)?
-419
Let o(f) = -12*f**2 - 1682*f + 23897. Determine o(13).
3
Let g(h) = h**3 + 16*h**2 - 18*h + 8. Give g(-18).
-316
Let k(h) = 117*h - 5716. Give k(49).
17
Let l(i) = -i**3 - 9*i**2 - 41*i + 17. Give l(-5).
122
Let w(l) = l**3 + 39*l**2 - 549*l - 40. Determine w(-50).
-90
Let g(f) = -3*f**2 - 38*f + 181. Calculate g(-31).
-1524
Let a(x) = 6*x - 299. Determine a(17).
-197
Let r(c) = -c**2 + 462*c - 1850. Give r(4).
-18
Let m(g) = 4*g + 90. Determine m(12).
138
Let o(u) = 2027*u + 48653. Calculate o(-24).
5
Let w(i) = -111*i - 1177. What is w(-12)?
155
Let r(q) = -2*q**2 + 44*q - 111. What is r(19)?
3
Let u(r) = -21*r - 67. Give u(4).
-151
Let s(y) = -23*y**3 + y**2 - y - 2. What is s(2)?
-184
Let u(s) = -s**3 + 13*s**2 - 71*s + 7. Give u(7).
-196
Let f(a) = -38*a - 95. Give f(-2).
-19
Let q(k) = -k**2 - 47770*k - 191060. Calculate q(-4).
4
Let q(z) = z**2 + 71*z - 2192. What is q(23)?
-30
Let v(c) = 10*c - 279. Determine v(14).
-139
Let c(n) = -129*n**2 + 60*n - 60. What is c(1)?
-129
Let t(q) = 14*q - 2128. What is t(152)?
0
Let k(s) = s**2 - 182*s - 209. What is k(0)?
-209
Let p(t) = 326*t - 21759. What is p(67)?
83
Let h(y) = -124*y - 859. Give h(-7).
9
Let q(s) = -s**2 + 287*s + 573. Calculate q(-2).
-5
Let b(x) = x**3 + 26*x**2 - 57*x - 15. Determine b(-28).
13
Let h(o) = 2*o**2 - 61*o + 71. What is h(25)?
-204
Let w(a) = -a**3 + 2*a**2 - 12*a + 5. Determine w(3).
-40
Let v(d) = -4*d**3 - 331*d**2 + 87*d + 217. What is v(-83)?
-115
Let n(f) = -4*f**2 - 28*f - 9. What is n(-7)?
-9
Let a(t) = 72*t - 138. Give a(2).
6
Let f(m) = 9*m + 371. Give f(-29).
110
Let c(a) = -a**3 - 11*a**2 - 24*a - 177. Calculate c(-8).
-177
Let s(y) = -19*y**2 - 42*y - 31. What is s(0)?
-31
Let b(z) = -z**2 + 30*z + 26. Determine b(13).
247
Let n(u) = u**3 + 34*u**2 - 241*u - 44. Calculate n(-40).
-4
Let y(f) = -2*f**2 - 8*f - 33. Calculate y(-4).
-33
Let s(k) = 113*k - 585. Calculate s(5).
-20
Let o(i) = 43*i**2 + 7*i - 16. Give o(-4).
644
Let z(g) = g**3 + 22*g**2 + 33*g + 4. What is z(-20)?
144
Let l(y) = -y**2 + 391*y - 18768. Determine l(56).
-8
Let g(n) = n**2 + 19*n + 16. Give g(-16).
-32
Let y(m) = -4*m**3 + 13*m**2 - 230*m + 968. Determine y(4).
0
Let x(k) = -2*k - 16. Calculate x(-3).
-10
Let u(j) = -352*j**2 - 1084*j - 12. Calculate u(-3).
72
Let o(z) = -16*z**2 + 79*z - 4. Give o(0).
-4
Let t(h) = -21*h**2 - 1445*h + 95. Calculate t(-69).
-181
Let y(o) = o**3 + 12*o**2 - 106*o + 30. Calculate y(-18).
-6
Let h(s) = -s**3 + 39*s**2 - 142*s + 76. What is h(35)?
6
Let l(n) = 145*n + 14499. Give l(-100).
-1
Let q(o) = -4*o**2 - 6*o + 4. Give q(4).
-84
Let u(y) = 5*y**2 + 68*y - 103. Calculate u(-15).
2
Let w(d) = -3*d**2 + 219*d - 1414. Give w(66).
-28
Let g(h) = 3*h**2 + 972*h - 14. Calculate g(-324).
-14
Let t(v) = -v**3 - 11*v**2 - 19*v - 50. What is t(-8)?
-90
Let p(v) = 33*v**3 + 4*v + 6. What is p(-2)?
-266
Let w(z) = -z**2 + 47*z + 26. Calculate w(46).
72
Let s(q) = 468*q - 11227. Give s(24).
5
Let z(q) = -3*q**3 + 2*q**2 - 70*q + 390. Calculate z(5).
-285
Let u(o) = 4*o**3 - 136*o**2 + 3*o - 108. Determine u(34).
-6
Let j(p) = -60*p - 177. Give j(-3).
3
Let z(k) = 338*k + 13480. Calculate z(-40).
-40
Let f(o) = -o**3 + 46*o**2 + 212*o - 618. Determine f(50).
-18
Let w(t) = 50*t - 116. Determine w(3).
34
Let i(g) = g**3 + 5*g**2 - 393*g - 2325. Calculate i(-6).
-3
Let d(s) = 12*s + 219. Calculate d(-40).
-261
Let h(y) = y**2 + 5*y - 256. Determine h(-19).
10
Let b(c) = -c**2 + 5*c + 4. Calculate b(9).
-32
Let m(q) = q**2 - 34*q - 111. Determine m(37).
0
Let z(c) = -c**3 + 13*c**2 + 63*c + 135. Determine z(17).
50
Let w(s) = -22*s**3 + 177*s**2 + 32*s - 337. Give w(8).
-17
Let n(r) = -6*r + 38. Calculate n(9).
-16
Let l(z) = -z**3 + 43*z**2 + 93*z - 130. Calculate l(45).
5
Let v(u) = -2*u**2 + 611*u + 3022. Determine v(-5).
-83
Let x(k) = -7*k**3 - 7*k**2 - 10*k + 2. Determine x(-3).
158
Let l(t) = 470*t + 3324. Determine l(-7).
34
Let c(t) = t**3 + t**2 - 12*t - 3. Give c(3).
-3
Let i(k) = k**3 - 12*k**2 + 5*k + 22. What is i(11)?
-44
Let g(c) = 58*c - 169. Determine g(2).
-53
Let s(g) = 111*g**3 - 6*g + 6. What is s(1)?
111
Let v(l) = l**3 - 5*l**2 + 563*l + 1145. Give v(-2).
-9
Let l(y) = -7*y - 81. Give l(-26).
101
Let l(c) = 78*c - 1361. Determine l(21).
277
Let s(z) = -2*z**2 - 14*z - 10. Give s(-3).
14
Let g(w) = w**2 - 53*w + 662. Determine g(27).
-40
Let h(r) = -35*r**2 - 72*r + 271. Determine h(-4).
-1
Let w(m) = -4*m**2 + 31*m - 52. Determine w(5).
3
Let i(x) = -267*x - 2268. What is i(-9)?
135
Let g(y) = -449*y - 1795. What is g(-4)?
1
Let m(s) = s**2 - 59*s + 519. Calculate m(46).
-79
Let a(r) = r**2 - 19*r + 123. Determine a(9).
33
Let x(r) = -r**3 - 38*r**2 - 25*r + 438. Give x(-37).
-6
Let n(l) = l**3 + 9*l**2 + 18*l + 46. Determine n(-5).
56
Let z(j) = j**3 + 6*j**2 - 46*j - 37. Determine z(5).
8
Let l(c) = 2305*c + 11514. Calculate l(-5).
-11
Let k(j) = -6*j**2 - 616*j + 615. Determine k(1).
-7
Let s(u) = -3*